or of m and c?
16
Suppose 0 = -4*b - 3*r + 6883, -4*b + 8*b = -4*r + 6884. Calculate the highest common divisor of 90 and b.
10
Let m = 60 + -70. Let f be -5 - (-99)/(-7 - m). What is the highest common divisor of f and 70?
14
Let w = -397 - -485. Calculate the highest common factor of w and 1078.
22
Let y = -70 + 88. Suppose -12*h + y*h = 1308. Suppose 3*b - b - h = -3*i, 0 = -4*i - 4*b + 288. Calculate the greatest common factor of i and 37.
37
Suppose 0 = -20*p + 14*p - 1176. Let j be p/6*(-42)/49. What is the highest common divisor of 21 and j?
7
Let c = -178 + 324. Let v be (c/(-4))/(68/(-136)). What is the greatest common divisor of 803 and v?
73
Let h(x) = -x**3 - 5. Let k be h(-4). Let o = k + -39. Let u = 34 - o. What is the highest common divisor of u and 2?
2
Let w be (-24)/896*-16 - (-119352)/28. What is the greatest common factor of 696 and w?
87
Suppose 0*q - 2*d - 50 = -5*q, 0 = q + 2*d + 2. Let b(l) = 2*l - 10. Let u be b(q). Suppose -u*a + 498 = -198. What is the greatest common factor of a and 29?
29
Suppose -2*f + 0*f = -78. Let h(x) = -5*x - 395. Let j be h(-35). Let r = j - -233. Calculate the highest common factor of r and f.
13
Let t = -918 - -1160. Let a be 8/(-40)*-5 - -65. What is the highest common divisor of t and a?
22
Suppose -5*w - 152 + 12 = 0. Let x = w - -40. Suppose -4 = z - x. Calculate the highest common divisor of z and 72.
8
Let x(l) = l**2 + 94*l - 1676. Let o be x(-110). Let j = -51 + 93. Calculate the greatest common divisor of j and o.
42
Let r(y) = 2*y**2 - 48*y + 0*y**2 + 3*y**2 + 32 + 74*y. Let p be r(-10). What is the highest common factor of 32 and p?
16
Let t = -10427 - -10575. What is the greatest common factor of 188 and t?
4
Suppose 0*c - 702 + 2044 = 122*c. Let i = 65 + 177. What is the greatest common divisor of i and c?
11
Suppose -6*x = -31 - 35. Let l be (-7 - x)/((-6)/8). Calculate the greatest common divisor of l and 18.
6
Let k = -115 + 199. Let r(p) = 1686*p - 53940. Let q be r(32). What is the highest common divisor of k and q?
12
Let r = -149 + 41. Let p be (-8265)/(-65) - (-8)/(-52) - -5. Let o = p + r. Calculate the greatest common factor of o and 264.
24
Suppose -8*n = 14*n + 2*n - 3888. What is the greatest common divisor of 3618 and n?
54
Suppose 0 = 52*o - 47*o - 950. Let b be (o/(-6))/((-1)/9). What is the highest common factor of 15 and b?
15
Suppose 6*l + 124*m - 2488 = 126*m, 0 = -5*l - 5*m + 2120. Suppose 4*h = 3*y + 2*h - 17, -3*h = 12. What is the highest common factor of y and l?
3
Let i be (48/80)/((-8)/(-40)). Calculate the highest common divisor of i and 93.
3
Suppose 4*d - 645 = d. Let u(x) = 7*x**2 - 4*x - 164. Let k be u(-11). Let o = 770 - k. What is the highest common divisor of d and o?
43
Let l(o) be the first derivative of -5*o**2/2 - 5*o + 159. Suppose -3*p - 35 = 2*p. Let z be l(p). Calculate the highest common factor of z and 6.
6
Let v(p) = p**2 + 18*p - 401. Let s be v(-31). What is the greatest common factor of 1 and s?
1
Let p = -24 - -60. Suppose -351 = -5*j + 129. Calculate the highest common divisor of p and j.
12
Let u be 130/455 + 0 + (-159)/(-7). Suppose u*o - 4*o = 779. Calculate the greatest common divisor of o and 287.
41
Suppose -1056 = -689*f + 667*f. What is the greatest common divisor of 141 and f?
3
Let y(u) = u + 13. Let z be y(4). Let s(h) = 188*h**2 - 18*h - 19. Let d be s(-1). What is the highest common divisor of z and d?
17
Let u = -142 - -192. Suppose -14*y - 500 = -19*y. What is the greatest common factor of u and y?
50
Let n = 438 + -278. Let c = 8142 + -8102. What is the greatest common divisor of c and n?
40
Let q(r) = 23*r - 15. Let u be q(-3). Let f be (1/(-3))/(u/27 - -3). Calculate the greatest common factor of f and 75.
3
Suppose -61602 = -173*t - 6588. Suppose -4 = -m + 3*m, -2*x + m = -14. Calculate the greatest common divisor of t and x.
6
Let v be ((-26244)/(-1134))/(6/98). What is the greatest common factor of v and 1638?
126
Let f(x) = 55*x**2 + 137*x + 537. Let t be f(-4). What is the highest common divisor of 44 and t?
11
Suppose -18 = -4*z + z - 3*k, -8 = -2*k. Suppose 5*t - 66 = 4*v - z*v, -t + 18 = -2*v. Let n = -33089 + 33137. What is the greatest common factor of t and n?
12
Let n(h) = h + 10. Let i be n(-5). Suppose 60 = i*b + 235. Let c be ((-19)/3)/((b/(-120))/(-7)). Calculate the greatest common factor of 19 and c.
19
Suppose -v - 5*m = -157, 3*v + m = 2*m + 487. Let f be (6/(-5))/(-1 + 9 + (-3367)/420). What is the highest common factor of v and f?
18
Suppose 32*k = 11*k + 122 + 1096. What is the highest common factor of k and 4118?
58
Let f = -115 + 115. Suppose f = 5*n + 2*w + 8, 3*n - 2*w + 3 = 11. Suppose -77*a + 80*a - 180 = n. What is the highest common factor of a and 90?
30
Let o = -116 - -159. Suppose -3*f - o = -2*g, 0 = 4*g - 9*g + 3*f + 94. Calculate the greatest common factor of 323 and g.
17
Suppose 0 = -2*l + 8*l + 18. Let g = l + 11. Let f = g - -32. Calculate the greatest common factor of 20 and f.
20
Let y be ((-44)/(-33))/((-2)/(-6)). Let d be 4*(138/4 - 1). Suppose 0 = 5*a - j - 163, -3*j = -4*a - j + d. Calculate the greatest common divisor of a and y.
4
Suppose -12 = 6*y - 30. Suppose 0 = -5*d - 2*q + 7, -4*d + 2 - 1 = -y*q. Suppose -2 = 5*h - 7. What is the greatest common divisor of d and h?
1
Let u(c) = -15*c. Let f be u(-4). Suppose -15*a + 38 = -37. Suppose 0 = a*i + 5*r - 145, -28 = -3*i + i + 4*r. Calculate the greatest common factor of i and f.
12
Let r be ((-45)/4)/((-1)/24). Let a be r*((-26)/10 - -3). Suppose -y + 10 = 2*k, 4*k - 40 = -3*y + 8*k. Calculate the highest common factor of y and a.
12
Suppose -4*x + 8 = -488. Let t = 129 - x. What is the greatest common divisor of 4 and t?
1
Suppose -247*j + 268477 = 148*j + 66237. Calculate the greatest common factor of 784 and j.
16
Let f(d) = d**3 - 6*d**2 - 8*d + 8. Let m be f(7). Let p be 5/(m*2/6). Let n = -133 - -208. What is the highest common factor of p and n?
15
Let g(t) = t**2 - 7*t + 1. Let f be g(8). Let c = f - 7. Suppose -d - 4*q + 17 = 0, -c*q + 14 = d + q. What is the highest common factor of d and 10?
5
Let i = 5 + -14. Let a(h) = h**2 - 16*h + 20. Let m be a(13). Let u = i - m. What is the highest common divisor of u and 50?
10
Let w(r) = 329*r**2 + 325*r**2 + 30 - 655*r**2 - 9*r. Let l be w(-9). What is the highest common factor of 130 and l?
10
Suppose 2*j + 3*j + 193 = 4*x, -2*x = 2*j - 74. Suppose -2*b + 2*f = -24, -b = 5*f + 5 + 19. What is the highest common factor of b and x?
6
Let o = -19243 + 22566. What is the highest common divisor of 1 and o?
1
Let i be 7/((-49)/2) - (-18)/14. Let s = 27 + i. Calculate the greatest common divisor of 364 and s.
28
Let z = 5328 + 19070. What is the highest common divisor of z and 66?
22
Suppose -1069 = -5*a - 3*k, 358 = 4*a + k - 500. Calculate the greatest common factor of 387 and a.
43
Suppose 28*s + 42 = 34*s. Let p(i) = 12 + s + i + 25 + 6. Let d be p(22). Calculate the greatest common divisor of 8 and d.
8
Suppose 17 = t + 3*o, -4*t = 5*o - 48 - 13. Let i be (-6)/2 - (-140)/t. Let f = -577 + 578. Calculate the greatest common factor of i and f.
1
Let p be 3 + (-18)/3 + -21. Let y = -6 - p. What is the highest common divisor of 24 and y?
6
Let z be (6/5)/((-16)/(-40)). Suppose 8*o = -4*m + z*o + 231, -3*m - o = -165. What is the greatest common divisor of 24 and m?
6
Let i be 37 + (-12)/(-9)*-3. Let l = 171 - 160. Calculate the highest common divisor of l and i.
11
Let d = 36 - -55. Suppose 12*s - 243 - 1785 = 0. Calculate the highest common factor of s and d.
13
Suppose -68 = -f + 4*u, 170 = 3*f - u - 67. Calculate the greatest common factor of f and 256.
16
Suppose -4*z = -253 - 291. Let r = z - 2411. Let u be ((-8)/10)/(14/r). What is the highest common divisor of 52 and u?
26
Let m = 19219 + -19213. Calculate the highest common factor of m and 4698.
6
Suppose -72*r + 6769 + 7718 = -2001. What is the greatest common divisor of r and 5?
1
Let q be (-4)/6 - 22476/(-18). Suppose -14*v + 19*v - 430 = 5*r, -r + 226 = 3*v. Calculate the greatest common divisor of q and v.
78
Suppose -102*p - 46*p + 192726 = 18*p. What is the greatest common factor of p and 243?
27
Let t be 90/8*((6 - -4) + -2). Suppose t*x = 86*x + 40. What is the highest common divisor of 